common divisor of 4086 and 162?
18
What is the highest common divisor of 47 and 19787?
47
Calculate the highest common divisor of 16356 and 522.
174
Calculate the highest common divisor of 405 and 75.
15
Calculate the greatest common factor of 141 and 3.
3
What is the greatest common factor of 11938 and 1524?
254
Calculate the greatest common divisor of 22 and 297.
11
Calculate the greatest common factor of 14 and 55202.
14
What is the highest common factor of 8646 and 11?
11
Calculate the highest common divisor of 679 and 7.
7
Calculate the highest common divisor of 1 and 151.
1
Calculate the highest common factor of 26 and 13.
13
What is the highest common factor of 13408 and 96?
32
Calculate the greatest common divisor of 2666 and 62.
62
Calculate the greatest common factor of 1352 and 8.
8
Calculate the highest common factor of 27599 and 143.
143
Calculate the highest common divisor of 32550 and 30.
30
Calculate the highest common divisor of 10144 and 24.
8
Calculate the highest common factor of 213 and 348.
3
Calculate the highest common factor of 62 and 1922.
62
What is the highest common divisor of 15841 and 31?
31
Calculate the greatest common divisor of 2761 and 33.
11
Calculate the greatest common factor of 84 and 864.
12
What is the highest common divisor of 96 and 672?
96
What is the greatest common factor of 42 and 1050?
42
Calculate the greatest common factor of 76 and 57076.
76
Calculate the highest common factor of 2712 and 264.
24
What is the highest common divisor of 180 and 432?
36
What is the highest common factor of 294 and 7?
7
Calculate the highest common divisor of 5495 and 56.
7
What is the greatest common factor of 1677 and 156?
39
What is the greatest common factor of 24 and 1212?
12
Calculate the highest common divisor of 5 and 4195.
5
Calculate the highest common divisor of 78 and 36.
6
What is the highest common factor of 39 and 3?
3
What is the greatest common factor of 24 and 72?
24
What is the greatest common factor of 30 and 10?
10
Calculate the highest common factor of 118592 and 34.
34
What is the greatest common divisor of 130 and 15?
5
What is the highest common divisor of 387 and 18?
9
Calculate the greatest common factor of 27 and 2187.
27
What is the highest common divisor of 1190 and 9180?
170
Calculate the highest common divisor of 11 and 671.
11
Calculate the greatest common divisor of 9 and 753.
3
Calculate the greatest common factor of 56219 and 17.
17
Calculate the greatest common divisor of 13 and 1625.
13
What is the highest common factor of 120 and 12150?
30
What is the greatest common factor of 32636 and 199?
199
Calculate the greatest common factor of 225 and 153.
9
Calculate the highest common factor of 10 and 23.
1
What is the greatest common divisor of 1116 and 588?
12
What is the greatest common divisor of 208 and 76?
4
What is the greatest common factor of 42 and 441?
21
Calculate the highest common divisor of 492 and 96.
12
Calculate the greatest common factor of 61 and 3904.
61
What is the highest common divisor of 5549 and 31?
31
Calculate the highest common divisor of 75 and 375.
75
What is the greatest common divisor of 75 and 50?
25
What is the greatest common divisor of 1099 and 7?
7
What is the highest common factor of 1159 and 183?
61
What is the greatest common factor of 2255 and 492?
41
What is the highest common divisor of 50 and 650?
50
Calculate the greatest common divisor of 120 and 16.
8
Calculate the highest common divisor of 4908 and 16.
4
What is the highest common divisor of 8 and 152?
8
What is the greatest common factor of 486 and 1134?
162
Calculate the highest common divisor of 132 and 3597.
33
Calculate the highest common divisor of 730 and 10.
10
What is the greatest common factor of 11635 and 358?
179
What is the highest common factor of 856 and 963?
107
Calculate the greatest common divisor of 1378 and 530.
106
What is the greatest common factor of 120 and 40?
40
Calculate the greatest common divisor of 64 and 552.
8
What is the highest common divisor of 1590 and 60?
30
What is the greatest common divisor of 33 and 561?
33
Calculate the greatest common factor of 4 and 138.
2
Calculate the greatest common factor of 264 and 320.
8
What is the greatest common factor of 952 and 1071?
119
What is the highest common factor of 16 and 432?
16
Calculate the highest common factor of 88 and 48.
8
Calculate the highest common divisor of 1630 and 290.
10
Calculate the greatest common divisor of 134 and 4.
2
Calculate the highest common factor of 185 and 4477.
37
Calculate the greatest common factor of 646 and 19.
19
Calculate the highest common factor of 1188 and 44.
44
Calculate the highest common factor of 206 and 5871.
103
What is the highest common divisor of 21913 and 68?
17
Calculate the highest common factor of 85 and 5.
5
Calculate the greatest common divisor of 5520 and 60.
60
What is the greatest common divisor of 6524 and 28?
28
What is the greatest common factor of 81 and 873?
9
Calculate the greatest common divisor of 216 and 126.
18
Calculate the greatest common factor of 144 and 1422.
18
Calculate the highest common divisor of 114 and 3933.
57
Calculate the highest common factor of 16287 and 6.
3
Calculate the highest common divisor of 201 and 268.
67
What is the greatest common factor of 2450 and 1372?
98
What is the highest common divisor of 19 and 893?
19
Calculate the greatest common divisor of 25405 and 5.
5
Calculate the greatest common factor of 195 and 1521.
39
What is the greatest common divisor of 14490 and 21?
21
Calculate the greatest common divisor of 372 and 156.
12
What is the highest common divisor of 3460 and 200?
20
What is the greatest common divisor of 176 and 165?
11
Calculate the highest common divisor of 129 and 35604.
129
What is the greatest common divisor of 145 and 55?
5
What is the highest common factor of 80 and 784?
16
What is the greatest common factor of 192 and 42?
6
What is the highest common divisor of 2457 and 1521?
117
Calculate the highest common divisor of 1813 and 49.
49
What is the greatest common divisor of 223 and 223?
223
What is the greatest common factor of 36 and 198?
18
What is the greatest common divisor of 22842 and 72?
18
What is the highest common divisor of 272 and 40?
8
Calculate the greatest common factor of 346 and 2.
2
What is the greatest common factor of 90 and 1110?
30
What is the greatest common factor of 830 and 10?
10
What is the highest common divisor of 169 and 26?
13
Calculate the highest common factor of 14 and 1477.
7
What is the highest common factor of 68 and 4012?
68
What is the greatest common factor of 1242 and 276?
138
Calculate the greatest common divisor of 240 and 336.
48
What is the greatest common factor of 455 and 65?
65
What is the highest common divisor of 950 and 152?
38
What is the greatest common factor of 680 and 51?
17
What is the greatest common divisor of 172 and 8?
4
Calculate the greatest common factor of 46472 and 592.
296
Calculate the greatest common factor of 117 and 169.
13
What is the greatest common factor of 616 and 7?
7
What is the greatest common divisor of 9028 and 37?
37
What is the highest common factor of 224 and 98?
14
Calculate the highest common factor of 4740 and 632.
316
What is the greatest common factor of 69 and 2139?
69
What is the greatest common factor of 74 and 2294?
74
What is the highest common divisor of 1649 and 582?
97
Calculate the greatest common divisor of 105 and 4795.
35
Calculate the highest common factor of 99 and 18.
9
What is the greatest common factor of 32 and 32?
32
Calculate the highest common divisor of 3156 and 12.
12
What is the greatest common factor of 84 and 21?
21
Calculate the greatest common factor of 33645 and 15.
15
What is the highest common factor of 17 and 1581?
17
What is the highest common factor of 126 and 54?
18
Calculate the highest common divisor of 246 and 66.
6
Calculate the highest common divisor of 52728 and 78.
78
Calculate the highest common divisor of 105 and 175.
35
Calculate the greatest common divisor of 5 and 1.
1
What is the greatest common factor of 693 and 1694?
77
What is the greatest common divisor of 915 and 2257?
61
What is the highest common divisor of 5633 and 301?
43
Calculate the